{"id":34,"date":"2016-04-04T00:45:27","date_gmt":"2016-04-04T00:45:27","guid":{"rendered":"http:\/\/localhost:8080\/?page_id=34"},"modified":"2023-02-09T19:40:58","modified_gmt":"2023-02-09T19:40:58","slug":"contato","status":"publish","type":"page","link":"https:\/\/ccpem.org.br\/2023\/contato\/","title":{"rendered":"Contato"},"content":{"rendered":"<h4><span style=\"color: #000000;\"><strong>Abem | Associa\u00e7\u00e3o Brasileira de Educa\u00e7\u00e3o M\u00e9dica<\/strong><\/span><\/h4>\n<p>&nbsp;<\/p>\n<p><span style=\"color: #000000;\">Associa\u00e7\u00e3o Brasileira de Educa\u00e7\u00e3o M\u00e9dica \u2013 ABEM<\/span><br \/>\n<span style=\"color: #000000;\">CNPJ: 29.212.628\/0001-32<\/span><br \/>\n<span style=\"color: #000000;\">SCN \u2013 QD 02 \u2013 BL D \u2013 Torre A \u2013 Salas: 1021 e 1023 \u2013 Asa Norte<\/span><br \/>\n<span style=\"color: #000000;\">CEP: 70712-903 | Bras\u00edlia \u2013 DF<\/span><\/p>\n<p>&nbsp;<\/p>\n<p><span style=\"color: #000000;\">Telefones: (61) 98580-0825<\/span><br \/>\n<span style=\"color: #000000;\">D\u00favidas Gerais: secretaria@abem-educmed.org.br<\/span><\/p>\n<p>&nbsp;<\/p>\n<p>&nbsp;<\/p>\n<p>&nbsp;<\/p>\n<p>&nbsp;<\/p>\n","protected":false},"excerpt":{"rendered":"Abem | Associa\u00e7\u00e3o Brasileira de Educa\u00e7\u00e3o M\u00e9dica &nbsp; Associa\u00e7\u00e3o Brasileira de Educa\u00e7\u00e3o M\u00e9dica \u2013 ABEM CNPJ: 29.212.628\/0001-32 SCN \u2013 QD 02 \u2013 BL D \u2013 Torre A \u2013 Salas: 1021 e 1023 \u2013 Asa Norte CEP: 70712-903 | Bras\u00edlia \u2013 DF &nbsp; Telefones: (61) 98580-0825 D\u00favidas Gerais: secretaria@abem-educmed.org.br &nbsp; &nbsp; &nbsp; &nbsp;","protected":false},"author":2,"featured_media":3561,"parent":0,"menu_order":12,"comment_status":"closed","ping_status":"closed","template":"template_contato.php","meta":[],"acf":[],"yoast_head":"<!-- This site is optimized with the Yoast SEO plugin v20.2 - https:\/\/yoast.com\/wordpress\/plugins\/seo\/ -->\n<title>Contato - 13\u00b0 CCPEM | Congresso Catarinense e Paranaense de Educa\u00e7\u00e3o M\u00e9dica<\/title>\n<meta name=\"robots\" content=\"index, follow, max-snippet:-1, max-image-preview:large, max-video-preview:-1\" \/>\n<link rel=\"canonical\" href=\"https:\/\/ccpem.org.br\/2023\/contato\/\" \/>\n<meta property=\"og:locale\" content=\"pt_BR\" \/>\n<meta property=\"og:type\" content=\"article\" \/>\n<meta property=\"og:title\" content=\"Contato - 13\u00b0 CCPEM | Congresso Catarinense e Paranaense de Educa\u00e7\u00e3o M\u00e9dica\" \/>\n<meta property=\"og:description\" content=\"Abem | Associa\u00e7\u00e3o Brasileira de Educa\u00e7\u00e3o M\u00e9dica &nbsp; Associa\u00e7\u00e3o Brasileira de Educa\u00e7\u00e3o M\u00e9dica \u2013 ABEM CNPJ: 29.212.628\/0001-32 SCN \u2013 QD 02 \u2013 BL D \u2013 Torre A \u2013 Salas: 1021 e 1023 \u2013 Asa Norte CEP: 70712-903 | Bras\u00edlia \u2013 DF &nbsp; Telefones: (61) 98580-0825 D\u00favidas Gerais: secretaria@abem-educmed.org.br &nbsp; &nbsp; &nbsp; &nbsp;\" \/>\n<meta property=\"og:url\" content=\"https:\/\/ccpem.org.br\/2023\/contato\/\" \/>\n<meta property=\"og:site_name\" content=\"13\u00b0 CCPEM | Congresso Catarinense e Paranaense de Educa\u00e7\u00e3o M\u00e9dica\" \/>\n<meta property=\"article:modified_time\" content=\"2023-02-09T19:40:58+00:00\" \/>\n<meta property=\"og:image\" content=\"https:\/\/ccpem.org.br\/2023\/wp-content\/uploads\/2023\/02\/13ccpem_bg_paginas.jpg\" \/>\n\t<meta property=\"og:image:width\" content=\"1920\" \/>\n\t<meta property=\"og:image:height\" content=\"527\" \/>\n\t<meta property=\"og:image:type\" content=\"image\/jpeg\" \/>\n<meta name=\"twitter:card\" content=\"summary_large_image\" \/>\n<script type=\"application\/ld+json\" class=\"yoast-schema-graph\">{\"@context\":\"https:\/\/schema.org\",\"@graph\":[{\"@type\":\"WebPage\",\"@id\":\"https:\/\/ccpem.org.br\/2023\/contato\/\",\"url\":\"https:\/\/ccpem.org.br\/2023\/contato\/\",\"name\":\"Contato - 13\u00b0 CCPEM | Congresso Catarinense e Paranaense de Educa\u00e7\u00e3o M\u00e9dica\",\"isPartOf\":{\"@id\":\"https:\/\/ccpem.org.br\/2023\/#website\"},\"datePublished\":\"2016-04-04T00:45:27+00:00\",\"dateModified\":\"2023-02-09T19:40:58+00:00\",\"breadcrumb\":{\"@id\":\"https:\/\/ccpem.org.br\/2023\/contato\/#breadcrumb\"},\"inLanguage\":\"pt-BR\",\"potentialAction\":[{\"@type\":\"ReadAction\",\"target\":[\"https:\/\/ccpem.org.br\/2023\/contato\/\"]}]},{\"@type\":\"BreadcrumbList\",\"@id\":\"https:\/\/ccpem.org.br\/2023\/contato\/#breadcrumb\",\"itemListElement\":[{\"@type\":\"ListItem\",\"position\":1,\"name\":\"In\u00edcio\",\"item\":\"https:\/\/ccpem.org.br\/2023\/\"},{\"@type\":\"ListItem\",\"position\":2,\"name\":\"Contato\"}]},{\"@type\":\"WebSite\",\"@id\":\"https:\/\/ccpem.org.br\/2023\/#website\",\"url\":\"https:\/\/ccpem.org.br\/2023\/\",\"name\":\"13\u00b0 CCPEM | Congresso Catarinense e Paranaense de Educa\u00e7\u00e3o M\u00e9dica\",\"description\":\"Educandos e educadores unidos e comprometidos com o mesmo objetivo\",\"potentialAction\":[{\"@type\":\"SearchAction\",\"target\":{\"@type\":\"EntryPoint\",\"urlTemplate\":\"https:\/\/ccpem.org.br\/2023\/?s={search_term_string}\"},\"query-input\":\"required name=search_term_string\"}],\"inLanguage\":\"pt-BR\"}]}<\/script>\n<!-- \/ Yoast SEO plugin. -->","yoast_head_json":{"title":"Contato - 13\u00b0 CCPEM | Congresso Catarinense e Paranaense de Educa\u00e7\u00e3o M\u00e9dica","robots":{"index":"index","follow":"follow","max-snippet":"max-snippet:-1","max-image-preview":"max-image-preview:large","max-video-preview":"max-video-preview:-1"},"canonical":"https:\/\/ccpem.org.br\/2023\/contato\/","og_locale":"pt_BR","og_type":"article","og_title":"Contato - 13\u00b0 CCPEM | Congresso Catarinense e Paranaense de Educa\u00e7\u00e3o M\u00e9dica","og_description":"Abem | Associa\u00e7\u00e3o Brasileira de Educa\u00e7\u00e3o M\u00e9dica &nbsp; Associa\u00e7\u00e3o Brasileira de Educa\u00e7\u00e3o M\u00e9dica \u2013 ABEM CNPJ: 29.212.628\/0001-32 SCN \u2013 QD 02 \u2013 BL D \u2013 Torre A \u2013 Salas: 1021 e 1023 \u2013 Asa Norte CEP: 70712-903 | Bras\u00edlia \u2013 DF &nbsp; Telefones: (61) 98580-0825 D\u00favidas Gerais: secretaria@abem-educmed.org.br &nbsp; &nbsp; &nbsp; &nbsp;","og_url":"https:\/\/ccpem.org.br\/2023\/contato\/","og_site_name":"13\u00b0 CCPEM | Congresso Catarinense e Paranaense de Educa\u00e7\u00e3o M\u00e9dica","article_modified_time":"2023-02-09T19:40:58+00:00","og_image":[{"width":1920,"height":527,"url":"https:\/\/ccpem.org.br\/2023\/wp-content\/uploads\/2023\/02\/13ccpem_bg_paginas.jpg","type":"image\/jpeg"}],"twitter_card":"summary_large_image","schema":{"@context":"https:\/\/schema.org","@graph":[{"@type":"WebPage","@id":"https:\/\/ccpem.org.br\/2023\/contato\/","url":"https:\/\/ccpem.org.br\/2023\/contato\/","name":"Contato - 13\u00b0 CCPEM | Congresso Catarinense e Paranaense de Educa\u00e7\u00e3o M\u00e9dica","isPartOf":{"@id":"https:\/\/ccpem.org.br\/2023\/#website"},"datePublished":"2016-04-04T00:45:27+00:00","dateModified":"2023-02-09T19:40:58+00:00","breadcrumb":{"@id":"https:\/\/ccpem.org.br\/2023\/contato\/#breadcrumb"},"inLanguage":"pt-BR","potentialAction":[{"@type":"ReadAction","target":["https:\/\/ccpem.org.br\/2023\/contato\/"]}]},{"@type":"BreadcrumbList","@id":"https:\/\/ccpem.org.br\/2023\/contato\/#breadcrumb","itemListElement":[{"@type":"ListItem","position":1,"name":"In\u00edcio","item":"https:\/\/ccpem.org.br\/2023\/"},{"@type":"ListItem","position":2,"name":"Contato"}]},{"@type":"WebSite","@id":"https:\/\/ccpem.org.br\/2023\/#website","url":"https:\/\/ccpem.org.br\/2023\/","name":"13\u00b0 CCPEM | Congresso Catarinense e Paranaense de Educa\u00e7\u00e3o M\u00e9dica","description":"Educandos e educadores unidos e comprometidos com o mesmo objetivo","potentialAction":[{"@type":"SearchAction","target":{"@type":"EntryPoint","urlTemplate":"https:\/\/ccpem.org.br\/2023\/?s={search_term_string}"},"query-input":"required name=search_term_string"}],"inLanguage":"pt-BR"}]}},"_links":{"self":[{"href":"https:\/\/ccpem.org.br\/2023\/wp-json\/wp\/v2\/pages\/34"}],"collection":[{"href":"https:\/\/ccpem.org.br\/2023\/wp-json\/wp\/v2\/pages"}],"about":[{"href":"https:\/\/ccpem.org.br\/2023\/wp-json\/wp\/v2\/types\/page"}],"author":[{"embeddable":true,"href":"https:\/\/ccpem.org.br\/2023\/wp-json\/wp\/v2\/users\/2"}],"replies":[{"embeddable":true,"href":"https:\/\/ccpem.org.br\/2023\/wp-json\/wp\/v2\/comments?post=34"}],"version-history":[{"count":10,"href":"https:\/\/ccpem.org.br\/2023\/wp-json\/wp\/v2\/pages\/34\/revisions"}],"predecessor-version":[{"id":3503,"href":"https:\/\/ccpem.org.br\/2023\/wp-json\/wp\/v2\/pages\/34\/revisions\/3503"}],"wp:featuredmedia":[{"embeddable":true,"href":"https:\/\/ccpem.org.br\/2023\/wp-json\/wp\/v2\/media\/3561"}],"wp:attachment":[{"href":"https:\/\/ccpem.org.br\/2023\/wp-json\/wp\/v2\/media?parent=34"}],"curies":[{"name":"wp","href":"https:\/\/api.w.org\/{rel}","templated":true}]}}